{"id":4020,"date":"2025-08-01T20:22:39","date_gmt":"2025-08-01T19:22:39","guid":{"rendered":"https:\/\/www.gruene-drensteinfurt.de\/content\/?page_id=4020"},"modified":"2025-08-01T20:24:07","modified_gmt":"2025-08-01T19:24:07","slug":"die-wahl-im-kreis","status":"publish","type":"page","link":"https:\/\/www.gruene-drensteinfurt.de\/content\/index.php\/kommunalwahl-2025\/die-wahl-im-kreis\/","title":{"rendered":"Die Wahl im Kreis"},"content":{"rendered":"<header>\n<h1 class=\"\"><img loading=\"lazy\" decoding=\"async\" class=\"alignright\" src=\"https:\/\/gruene-kreis-warendorf.de\/userspace\/_processed_\/9\/6\/csm_20250707_Sophia_Maschelski_Werning_Landratskandidatin_2c2d27cd37.jpg\" width=\"540\" height=\"360\" \/>Pressemitteilung: Gemeinsamer Wahlvorschlag: SPD, Gr\u00fcne und Linke stellen Sophia Maschelski-Werning als Landratskandidatin auf<\/h1>\n<\/header>\n<div class=\"ce-bodytext\">\n<p class=\"inlineleft\">07.07.25 \u2013<\/p>\n<p class=\"v1MsoNormal\">SPD, B\u00fcndnis 90\/Die Gr\u00fcnen und Die Linke haben sich auf einen gemeinsamen Wahlvorschlag f\u00fcr die\u00a0bevorstehende Landratswahl im Kreis Warendorf verst\u00e4ndigt. Die drei Parteien schicken die 29-j\u00e4hrige Diplom-Finanzwirtin (FH)\u00a0<strong>Sophia Maschelski-Werning<\/strong>\u00a0aus Ahlen-Dolberg ins Rennen.<\/p>\n<p class=\"v1MsoNormal\">Maschelski-Werning ist seit mehreren Jahren im Kreistag aktiv, derzeit unter anderem als Vorsitzende des Ausschusses f\u00fcr \u00f6ffentliche Ordnung und Bev\u00f6lkerungsschutz. Mit dem gemeinsamen Wahlvorschlag wollen die Parteien ein Zeichen f\u00fcr eine sozial gerechte, \u00f6kologische und moderne Politik im Kreis setzen.<\/p>\n<\/div>\n<p>&nbsp;<\/p>\n<p class=\"v1MsoNormal\"><em>\u201eSophia bringt nicht nur fachliche Kompetenz aus der Verwaltung mit, sondern kennt auch die kommunalen Strukturen im Kreis bestens\u201c<\/em>, sagt\u00a0<strong>Dennis Kocker<\/strong>, Vorsitzender der SPD im Kreis Warendorf.\u00a0<em>\u201eSie steht f\u00fcr einen neuen Politikstil &#8211; offen, zugewandt und sachlich.\u201c<\/em><\/p>\n<p class=\"v1MsoNormal\">Auch die Gr\u00fcnen sehen in der gemeinsamen Kandidatur eine Chance:\u00a0<em>\u201eWir wollen den Kreis klimafreundlicher, sozialer und digitaler machen\u201c<\/em>, so\u00a0<strong>Ali Bas<\/strong>, Kreissprecher von B\u00fcndnis 90\/Die Gr\u00fcnen.\u00a0<em>\u201eMit Sophia haben wir eine Partnerin, die diesen Wandel glaubw\u00fcrdig vertreten kann.\u201c<\/em><\/p>\n<p class=\"v1MsoNormal\">Die Linke betont die gemeinsame Basis in sozialen Fragen:\u00a0<em>\u201eBezahlbarer Wohnraum, soziale Teilhab<\/em><\/p>\n<p class=\"v1MsoNormal\"><em>e und eine verl\u00e4ssliche \u00f6ffentliche Infrastruktur &#8211; das sind Themen, die auch Sophia wichtig sind\u201c<\/em>, erkl\u00e4rt\u00a0<strong>Selmar Ibrahimovic<\/strong>, Vorsitzender der Linken im Kreis Warendorf.<\/p>\n<p class=\"v1MsoNormal\">Maschelski-Werning selbst zeigt sich dankbar f\u00fcr die partei\u00fcbergreifende Unterst\u00fctzung<em>: \u201eEs ist f\u00fcr mich eine gro\u00dfe Ehre, gemeinsam von SPD, Gr\u00fcnen und Linken getragen zu werden. Vor allem das Vertrauen der Gr\u00fcnen und der Linken, die erstmalig auch eine SPD-Kandidatin im Kreis Warendorf aufstellen, wei\u00df ich sehr zu sch\u00e4tzen.\u201c<\/em><\/p>\n<p class=\"v1MsoNormal\">Bei den politischen Ziele setzen die drei Parteien unter anderem auf die St\u00e4rkung des \u00f6ffentlichen Nahverkehrs, familienfreundliche Angebote im l\u00e4ndlichen Raum und mehr Transparenz in der Kreisverwaltung. Im Vordergrund steht eine \u201ePolitik auf Augenh\u00f6he\u201c.<\/p>\n","protected":false},"excerpt":{"rendered":"<p>Pressemitteilung: Gemeinsamer Wahlvorschlag: SPD, Gr\u00fcne und Linke stellen Sophia Maschelski-Werning als Landratskandidatin auf 07.07.25 \u2013 SPD, B\u00fcndnis 90\/Die Gr\u00fcnen und Die Linke haben sich auf einen gemeinsamen Wahlvorschlag f\u00fcr die\u00a0bevorstehende&#8230; <\/p>\n","protected":false},"author":755,"featured_media":0,"parent":4013,"menu_order":10,"comment_status":"closed","ping_status":"closed","template":"","meta":{"_uf_show_specific_survey":0,"_uf_disable_surveys":false,"footnotes":""},"class_list":["post-4020","page","type-page","status-publish","hentry"],"_links":{"self":[{"href":"https:\/\/www.gruene-drensteinfurt.de\/content\/index.php\/wp-json\/wp\/v2\/pages\/4020","targetHints":{"allow":["GET"]}}],"collection":[{"href":"https:\/\/www.gruene-drensteinfurt.de\/content\/index.php\/wp-json\/wp\/v2\/pages"}],"about":[{"href":"https:\/\/www.gruene-drensteinfurt.de\/content\/index.php\/wp-json\/wp\/v2\/types\/page"}],"author":[{"embeddable":true,"href":"https:\/\/www.gruene-drensteinfurt.de\/content\/index.php\/wp-json\/wp\/v2\/users\/755"}],"replies":[{"embeddable":true,"href":"https:\/\/www.gruene-drensteinfurt.de\/content\/index.php\/wp-json\/wp\/v2\/comments?post=4020"}],"version-history":[{"count":1,"href":"https:\/\/www.gruene-drensteinfurt.de\/content\/index.php\/wp-json\/wp\/v2\/pages\/4020\/revisions"}],"predecessor-version":[{"id":4021,"href":"https:\/\/www.gruene-drensteinfurt.de\/content\/index.php\/wp-json\/wp\/v2\/pages\/4020\/revisions\/4021"}],"up":[{"embeddable":true,"href":"https:\/\/www.gruene-drensteinfurt.de\/content\/index.php\/wp-json\/wp\/v2\/pages\/4013"}],"wp:attachment":[{"href":"https:\/\/www.gruene-drensteinfurt.de\/content\/index.php\/wp-json\/wp\/v2\/media?parent=4020"}],"curies":[{"name":"wp","href":"https:\/\/api.w.org\/{rel}","templated":true}]}}