{"id":2868,"date":"2021-04-16T16:40:08","date_gmt":"2021-04-16T15:40:08","guid":{"rendered":"http:\/\/www.gruene-drensteinfurt.de\/content\/?page_id=2868"},"modified":"2025-12-09T12:48:09","modified_gmt":"2025-12-09T12:48:09","slug":"spendenkonto","status":"publish","type":"page","link":"https:\/\/www.gruene-drensteinfurt.de\/content\/index.php\/gruenes-buero\/spendenkonto\/","title":{"rendered":"Spendenkonto"},"content":{"rendered":"<p style=\"text-align: left;\"><img loading=\"lazy\" decoding=\"async\" class=\" wp-image-4279 alignleft\" src=\"https:\/\/www.gruene-drensteinfurt.de\/content\/wp-content\/uploads\/2025\/09\/Screenshot-2025-09-13-083007-400x362.png\" alt=\"\" width=\"238\" height=\"215\" srcset=\"https:\/\/www.gruene-drensteinfurt.de\/content\/wp-content\/uploads\/2025\/09\/Screenshot-2025-09-13-083007-400x362.png 400w, https:\/\/www.gruene-drensteinfurt.de\/content\/wp-content\/uploads\/2025\/09\/Screenshot-2025-09-13-083007-800x724.png 800w, https:\/\/www.gruene-drensteinfurt.de\/content\/wp-content\/uploads\/2025\/09\/Screenshot-2025-09-13-083007-768x695.png 768w, https:\/\/www.gruene-drensteinfurt.de\/content\/wp-content\/uploads\/2025\/09\/Screenshot-2025-09-13-083007-150x136.png 150w, https:\/\/www.gruene-drensteinfurt.de\/content\/wp-content\/uploads\/2025\/09\/Screenshot-2025-09-13-083007.png 820w\" sizes=\"auto, (max-width: 238px) 100vw, 238px\" \/>Wir garantieren Dir die ordnungsgem\u00e4\u00dfe Verbuchung deiner Spenden gem\u00e4\u00df dem<br \/>\ng\u00fcltigen Parteiengesetz und die Zusendung einer steuerlich relevanten Zuwendungsbescheinigung.<br \/>\nWir verschicken die Zuwendungsbescheinigungen immer im ersten Quartal des Folgejahres.<br \/>\nAnonyme Spenden werden nicht angenommen.<\/p>\n<p>&nbsp;<\/p>\n<p>&nbsp;<\/p>\n<p>&nbsp;<\/p>\n<p style=\"text-align: center;\">Spendenkonto:<\/p>\n<p style=\"text-align: center;\"><strong>Ortsverband Drensteinfurt B\u00fcndnis90\/Die Gr\u00fcnen<\/strong><br \/>\n<strong>Volksbank im M\u00fcnsterland eG<\/strong><br \/>\n<strong>IBAN: DE50 4036 1906 1907 8844 00<\/strong><br \/>\n<strong>BIC: GENODEM1IBB<\/strong><\/p>\n<p style=\"text-align: center;\">Die zu zahlende Einkommensteuer wird durch die Spende direkt reduziert, und zwar in der<br \/>\nRegel um 50% des gespendeten Betrags (\u00a7 34g EStG).<\/p>\n","protected":false},"excerpt":{"rendered":"<p>Wir garantieren Dir die ordnungsgem\u00e4\u00dfe Verbuchung deiner Spenden gem\u00e4\u00df dem g\u00fcltigen Parteiengesetz und die Zusendung einer steuerlich relevanten Zuwendungsbescheinigung. Wir verschicken die Zuwendungsbescheinigungen immer im ersten Quartal des Folgejahres. Anonyme&#8230; <\/p>\n","protected":false},"author":752,"featured_media":0,"parent":526,"menu_order":0,"comment_status":"closed","ping_status":"closed","template":"","meta":{"_uf_show_specific_survey":0,"_uf_disable_surveys":false,"footnotes":""},"class_list":["post-2868","page","type-page","status-publish","hentry"],"_links":{"self":[{"href":"https:\/\/www.gruene-drensteinfurt.de\/content\/index.php\/wp-json\/wp\/v2\/pages\/2868","targetHints":{"allow":["GET"]}}],"collection":[{"href":"https:\/\/www.gruene-drensteinfurt.de\/content\/index.php\/wp-json\/wp\/v2\/pages"}],"about":[{"href":"https:\/\/www.gruene-drensteinfurt.de\/content\/index.php\/wp-json\/wp\/v2\/types\/page"}],"author":[{"embeddable":true,"href":"https:\/\/www.gruene-drensteinfurt.de\/content\/index.php\/wp-json\/wp\/v2\/users\/752"}],"replies":[{"embeddable":true,"href":"https:\/\/www.gruene-drensteinfurt.de\/content\/index.php\/wp-json\/wp\/v2\/comments?post=2868"}],"version-history":[{"count":7,"href":"https:\/\/www.gruene-drensteinfurt.de\/content\/index.php\/wp-json\/wp\/v2\/pages\/2868\/revisions"}],"predecessor-version":[{"id":4477,"href":"https:\/\/www.gruene-drensteinfurt.de\/content\/index.php\/wp-json\/wp\/v2\/pages\/2868\/revisions\/4477"}],"up":[{"embeddable":true,"href":"https:\/\/www.gruene-drensteinfurt.de\/content\/index.php\/wp-json\/wp\/v2\/pages\/526"}],"wp:attachment":[{"href":"https:\/\/www.gruene-drensteinfurt.de\/content\/index.php\/wp-json\/wp\/v2\/media?parent=2868"}],"curies":[{"name":"wp","href":"https:\/\/api.w.org\/{rel}","templated":true}]}}